{"id":1821,"date":"2022-04-20T13:49:55","date_gmt":"2022-04-20T11:49:55","guid":{"rendered":"https:\/\/ssc90.de\/web\/?page_id=1821"},"modified":"2025-06-17T21:12:47","modified_gmt":"2025-06-17T19:12:47","slug":"masters","status":"publish","type":"page","link":"https:\/\/ssc90.de\/web\/schwimmen-allgemeines\/masters\/","title":{"rendered":"Masters"},"content":{"rendered":"<p style=\"font-weight: 400;\"><strong>Masters-Sport im SSC`90\/Breitensport<\/strong><\/p>\n<p style=\"font-weight: 400;\">Schwimmen ist nicht nur ein Sport der Spa\u00df bereitet, sondern auch \u00e4u\u00dferst gesundheitsf\u00f6rdernd ist. Denn Schwimmen geh\u00f6rt zu den beliebtesten Freizeitsportarten,das dein Herz &#8211; Kreislauf &#8211; System st\u00e4rkt und die K\u00f6rperhaltung verbessert. Schwimmen ist eine Ausdauersportart die auch Kraft, Koordination und Beweglichkeit trainiert.<\/p>\n<p style=\"font-weight: 400;\">Die Masters-\/Breitensportgruppe ist offen f\u00fcr alle Schwimmerinnen und Schwimmern, die Interesse an einem angeleitetem Schwimmtraining haben.<\/p>\n<p style=\"font-weight: 400;\">Der Begriff &#8222;Masters&#8220; ist im Schwimmsport die Definition f\u00fcr alle Schwimmerinnen und Schwimmer ab 20 Jahren, ganz egal auf welchem Leistungsniveau. In unserem Wettkampfteam der Masters schwimmen Schwimmerinnen und Schwimmern in den Altersklassen (AK) 20 bis 66 Jahren und nehmen an regionalen, \u00fcberregionalen und Deutschen Meisterschaften teil.<\/p>\n<p style=\"font-weight: 400;\">Ganz egal ob du ehemaliger Leistungsschwimmer, Fitness- und Freizeitsportler oder Neueinsteiger bist.\u00a0Das Breitensporttraining\u00a0des SSC`90 bietet verschiedene Trainingsgruppen je nach Leistungsstand an. Man muss auf keinen Fall alle Schwimmarten &#8222;wie ein Profi&#8220; k\u00f6nnen. F\u00fcr einen Neueinstieg reicht es aus, wenn du eine Schwimmtechnik einigerma\u00dfen beherrscht.\u00a0Wir verbessern deine Schwimmtechniken in allen Schwimmlagen. Dabei wird der individuelle Leistungsstand ber\u00fccksichtigt.<\/p>\n<p style=\"font-weight: 400;\">Das Training wird von lizensierten Trainern durchgef\u00fchrt.<\/p>\n<p style=\"font-weight: 400;\">Trainingszeiten sind:<\/p>\n<p style=\"font-weight: 400;\">Dienstags von 20:00 bis 21:45 Uhr<\/p>\n<p style=\"font-weight: 400;\">Donnerstags von 20:15 bis 21:45 Uhr<\/p>\n<p style=\"font-weight: 400;\">Schau mal bei uns vorbei und nimm einige Male am Probetraining teil.<\/p>\n<p style=\"font-weight: 400;\">F\u00fcr weitere Ausk\u00fcnfte \u00fcber den Trainingsablauf und Trainingsmethoden wende dich bitte per E-Mail an unseren Masterstrainer <a href=\"mailto: a&#103;&#x2e;&#x66;o&#101;&#x72;&#x73;t&#101;&#x72;&#x40;s&#115;&#x63;&#x39;0&#46;&#x64;&#x65;\">Armin F\u00f6rster<\/a><\/p>\n<figure id=\"attachment_3251\" aria-describedby=\"caption-attachment-3251\" style=\"width: 525px\" class=\"wp-caption aligncenter\"><img loading=\"lazy\" decoding=\"async\" class=\"wp-image-3251\" src=\"https:\/\/ssc90.de\/web\/wp-content\/uploads\/2023\/12\/IMG_2712-768x1024.jpg\" alt=\"\" width=\"525\" height=\"700\" srcset=\"https:\/\/ssc90.de\/web\/wp-content\/uploads\/2023\/12\/IMG_2712-768x1024.jpg 768w, https:\/\/ssc90.de\/web\/wp-content\/uploads\/2023\/12\/IMG_2712-225x300.jpg 225w, https:\/\/ssc90.de\/web\/wp-content\/uploads\/2023\/12\/IMG_2712-1152x1536.jpg 1152w, https:\/\/ssc90.de\/web\/wp-content\/uploads\/2023\/12\/IMG_2712-1536x2048.jpg 1536w, https:\/\/ssc90.de\/web\/wp-content\/uploads\/2023\/12\/IMG_2712-scaled.jpg 1920w\" sizes=\"auto, (max-width: 525px) 100vw, 525px\" \/><figcaption id=\"caption-attachment-3251\" class=\"wp-caption-text\">Die 4 x 50 Freistil mixed Staffel mit Bronze bei den Deutschen Meisterschaften<\/figcaption><\/figure>\n<p style=\"font-weight: 400;\"><strong>\u00a0<\/strong><\/p>\n<p style=\"font-weight: 400;\"><strong>\u00a0<\/strong><\/p>\n","protected":false},"excerpt":{"rendered":"<p>Masters-Sport im SSC`90\/Breitensport Schwimmen ist nicht nur ein Sport der Spa\u00df bereitet, sondern auch \u00e4u\u00dferst gesundheitsf\u00f6rdernd ist. Denn Schwimmen geh\u00f6rt<\/p>\n","protected":false},"author":4,"featured_media":0,"parent":10,"menu_order":0,"comment_status":"closed","ping_status":"closed","template":"","meta":{"colormag_page_container_layout":"default_layout","colormag_page_sidebar_layout":"default_layout","footnotes":""},"class_list":["post-1821","page","type-page","status-publish","hentry"],"_links":{"self":[{"href":"https:\/\/ssc90.de\/web\/wp-json\/wp\/v2\/pages\/1821","targetHints":{"allow":["GET"]}}],"collection":[{"href":"https:\/\/ssc90.de\/web\/wp-json\/wp\/v2\/pages"}],"about":[{"href":"https:\/\/ssc90.de\/web\/wp-json\/wp\/v2\/types\/page"}],"author":[{"embeddable":true,"href":"https:\/\/ssc90.de\/web\/wp-json\/wp\/v2\/users\/4"}],"replies":[{"embeddable":true,"href":"https:\/\/ssc90.de\/web\/wp-json\/wp\/v2\/comments?post=1821"}],"version-history":[{"count":4,"href":"https:\/\/ssc90.de\/web\/wp-json\/wp\/v2\/pages\/1821\/revisions"}],"predecessor-version":[{"id":3809,"href":"https:\/\/ssc90.de\/web\/wp-json\/wp\/v2\/pages\/1821\/revisions\/3809"}],"up":[{"embeddable":true,"href":"https:\/\/ssc90.de\/web\/wp-json\/wp\/v2\/pages\/10"}],"wp:attachment":[{"href":"https:\/\/ssc90.de\/web\/wp-json\/wp\/v2\/media?parent=1821"}],"curies":[{"name":"wp","href":"https:\/\/api.w.org\/{rel}","templated":true}]}}