{"id":3154,"date":"2023-09-18T22:49:37","date_gmt":"2023-09-18T20:49:37","guid":{"rendered":"https:\/\/ssc90.de\/web\/?page_id=3154"},"modified":"2025-02-10T20:37:17","modified_gmt":"2025-02-10T19:37:17","slug":"praeventionsarbeit-2","status":"publish","type":"page","link":"https:\/\/ssc90.de\/web\/praeventionsarbeit-2\/","title":{"rendered":"Pr\u00e4ventionsarbeit"},"content":{"rendered":"<h1 style=\"text-align: center;\"><strong>Schweigen sch\u00fctzt die Falschen<\/strong><\/h1>\n<p>&nbsp;<\/p>\n<h3 style=\"text-align: center;\"><span style=\"font-size: 12pt;\">Wir vom SSC&#8217;90 Schloss Holte-Stukenbrock m\u00f6chten,<\/span><\/h3>\n<h3 style=\"text-align: center;\"><span style=\"font-size: 12pt;\">dass ihr euch hier bei uns wohl f\u00fchlt,<\/span><\/h3>\n<h3 style=\"text-align: center;\"><span style=\"font-size: 12pt;\">dass ihr ein Teil unserer Gemeinschaft seid,<\/span><\/h3>\n<h3 style=\"text-align: center;\"><span style=\"font-size: 12pt;\">dass ihr Spa\u00df im und am Wasser habt.<\/span><\/h3>\n<h3 style=\"text-align: center;\"><\/h3>\n<h3 style=\"text-align: center;\"><span style=\"font-size: 12pt;\">Doch sollte mal was nicht richtig laufen, euch Bauchschmerzen bereiten, dann sind wir f\u00fcr euch da! Wir lassen euch nicht alleine.<\/span><\/h3>\n<h3 style=\"text-align: center;\"><\/h3>\n<h3 style=\"text-align: center;\"><span style=\"font-size: 12pt;\">Aus Angst, etwas Falsches zu tun, geschieht vielmals gar nichts.<\/span><\/h3>\n<h3 style=\"text-align: center;\"><span style=\"font-size: 12pt;\">Doch Schweigen sch\u00fctzt die T\u00e4ter*innen, nicht den Sport, nicht die Betroffenen und vor allem nicht Kinder und Jugendliche.<\/span><\/h3>\n<h3><\/h3>\n<p>Beauftragte und Ansprechpartnerin f\u00fcr interpersonale Gewalt und Pr\u00e4ventionsarbeit<\/p>\n<table style=\"border-collapse: collapse; width: 100%; height: 87px;\">\n<tbody>\n<tr style=\"height: 87px;\">\n<td style=\"width: 25%; height: 87px;\"><\/td>\n<td style=\"width: 75%; height: 87px;\"><strong>Uwe Thost<br \/>\n<\/strong><\/td>\n<\/tr>\n<\/tbody>\n<\/table>\n","protected":false},"excerpt":{"rendered":"<p>Schweigen sch\u00fctzt die Falschen &nbsp; Wir vom SSC&#8217;90 Schloss Holte-Stukenbrock m\u00f6chten, dass ihr euch hier bei uns wohl f\u00fchlt, dass<\/p>\n","protected":false},"author":5,"featured_media":0,"parent":0,"menu_order":0,"comment_status":"closed","ping_status":"closed","template":"","meta":{"colormag_page_container_layout":"default_layout","colormag_page_sidebar_layout":"default_layout","footnotes":""},"class_list":["post-3154","page","type-page","status-publish","hentry"],"_links":{"self":[{"href":"https:\/\/ssc90.de\/web\/wp-json\/wp\/v2\/pages\/3154","targetHints":{"allow":["GET"]}}],"collection":[{"href":"https:\/\/ssc90.de\/web\/wp-json\/wp\/v2\/pages"}],"about":[{"href":"https:\/\/ssc90.de\/web\/wp-json\/wp\/v2\/types\/page"}],"author":[{"embeddable":true,"href":"https:\/\/ssc90.de\/web\/wp-json\/wp\/v2\/users\/5"}],"replies":[{"embeddable":true,"href":"https:\/\/ssc90.de\/web\/wp-json\/wp\/v2\/comments?post=3154"}],"version-history":[{"count":6,"href":"https:\/\/ssc90.de\/web\/wp-json\/wp\/v2\/pages\/3154\/revisions"}],"predecessor-version":[{"id":3693,"href":"https:\/\/ssc90.de\/web\/wp-json\/wp\/v2\/pages\/3154\/revisions\/3693"}],"wp:attachment":[{"href":"https:\/\/ssc90.de\/web\/wp-json\/wp\/v2\/media?parent=3154"}],"curies":[{"name":"wp","href":"https:\/\/api.w.org\/{rel}","templated":true}]}}