{"id":61,"date":"2016-08-31T21:06:52","date_gmt":"2016-08-31T19:06:52","guid":{"rendered":"http:\/\/ssc90.de\/web\/?page_id=61"},"modified":"2017-02-23T10:36:52","modified_gmt":"2017-02-23T09:36:52","slug":"wettkaempfe-in-shs","status":"publish","type":"page","link":"https:\/\/ssc90.de\/web\/schwimmen-allgemeines\/wettkaempfe-in-shs\/","title":{"rendered":"Wettk\u00e4mpfe in SHS"},"content":{"rendered":"<p><img loading=\"lazy\" decoding=\"async\" class=\"wp-image-304 alignright\" src=\"http:\/\/ssc90.de\/web\/wp-content\/uploads\/2016\/08\/swimming-pool-594204_1920-300x200.jpg\" alt=\"\" width=\"431\" height=\"287\" srcset=\"https:\/\/ssc90.de\/web\/wp-content\/uploads\/2016\/08\/swimming-pool-594204_1920-300x200.jpg 300w, https:\/\/ssc90.de\/web\/wp-content\/uploads\/2016\/08\/swimming-pool-594204_1920-768x512.jpg 768w, https:\/\/ssc90.de\/web\/wp-content\/uploads\/2016\/08\/swimming-pool-594204_1920-1024x683.jpg 1024w, https:\/\/ssc90.de\/web\/wp-content\/uploads\/2016\/08\/swimming-pool-594204_1920.jpg 1920w\" sizes=\"auto, (max-width: 431px) 100vw, 431px\" \/><\/p>\n<p>Der SSC90 f\u00fchrt im Gartenhallenbad in Schlo\u00df Holte-Stukenbrock verschieden Wettk\u00e4mpfe durch. N\u00e4here Informationen dazu sind auf den entsprechenden Unterseiten zu finden.<\/p>\n<p>&nbsp;<\/p>\n","protected":false},"excerpt":{"rendered":"<p>Der SSC90 f\u00fchrt im Gartenhallenbad in Schlo\u00df Holte-Stukenbrock verschieden Wettk\u00e4mpfe durch. N\u00e4here Informationen dazu sind auf den entsprechenden Unterseiten zu<\/p>\n","protected":false},"author":1,"featured_media":0,"parent":10,"menu_order":4,"comment_status":"closed","ping_status":"closed","template":"","meta":{"colormag_page_container_layout":"default_layout","colormag_page_sidebar_layout":"default_layout","footnotes":""},"class_list":["post-61","page","type-page","status-publish","hentry"],"_links":{"self":[{"href":"https:\/\/ssc90.de\/web\/wp-json\/wp\/v2\/pages\/61","targetHints":{"allow":["GET"]}}],"collection":[{"href":"https:\/\/ssc90.de\/web\/wp-json\/wp\/v2\/pages"}],"about":[{"href":"https:\/\/ssc90.de\/web\/wp-json\/wp\/v2\/types\/page"}],"author":[{"embeddable":true,"href":"https:\/\/ssc90.de\/web\/wp-json\/wp\/v2\/users\/1"}],"replies":[{"embeddable":true,"href":"https:\/\/ssc90.de\/web\/wp-json\/wp\/v2\/comments?post=61"}],"version-history":[{"count":5,"href":"https:\/\/ssc90.de\/web\/wp-json\/wp\/v2\/pages\/61\/revisions"}],"predecessor-version":[{"id":305,"href":"https:\/\/ssc90.de\/web\/wp-json\/wp\/v2\/pages\/61\/revisions\/305"}],"up":[{"embeddable":true,"href":"https:\/\/ssc90.de\/web\/wp-json\/wp\/v2\/pages\/10"}],"wp:attachment":[{"href":"https:\/\/ssc90.de\/web\/wp-json\/wp\/v2\/media?parent=61"}],"curies":[{"name":"wp","href":"https:\/\/api.w.org\/{rel}","templated":true}]}}