{"id":65,"date":"2016-08-31T21:11:16","date_gmt":"2016-08-31T19:11:16","guid":{"rendered":"http:\/\/ssc90.de\/web\/?page_id=65"},"modified":"2021-08-25T11:31:19","modified_gmt":"2021-08-25T09:31:19","slug":"verein","status":"publish","type":"page","link":"https:\/\/ssc90.de\/web\/verein\/","title":{"rendered":"Verein"},"content":{"rendered":"<p>Der SSC 90 Schlo\u00df Holte-Stukenbrock wurde im Laufe des Jahres 1990 gegr\u00fcndet. Er entstand aus der Schwimmabteilung des FC Stukenbrock, die seit 1975 existierte. Im Laufe der folgenden 14 Jahre entwickelte sich bei den Mitgliedern der Schwimmabteilung der Wunsch, selbst\u00e4ndig zu werden. Nachdem die Wechselregularien mit dem FC Stukenbrock und der Gemeindeverwaltung\u00a0 gekl\u00e4rt waren, gr\u00fcndete sich der neue Verein und \u00fcbernahm alle Mitglieder der damaligen FCS-Schwimmabteilung. Offiziell am Wettkampfgeschehen nahm der neu gegr\u00fcndete Verein ab dem 1. Januar 1991 teil.<\/p>\n<p>Im SSC 90 wurde sofort weiter Schwimmen als Leistungssport gef\u00f6rdert. In seiner Hochzeit (Damen und Herren schwammen in verschiedenen Jahren in der 2. Bundesliga West) wurde bis zu sieben Mal in der Woche trainiert, im Sommer sogar zweimal pro Woche vor der Schule.<\/p>\n<figure id=\"attachment_1417\" aria-describedby=\"caption-attachment-1417\" style=\"width: 2048px\" class=\"wp-caption alignnone\"><img loading=\"lazy\" decoding=\"async\" class=\"size-full wp-image-1417\" src=\"https:\/\/ssc90.de\/web\/wp-content\/uploads\/2020\/09\/86457509_132090781645298_2047053993925935104_o.jpg\" alt=\"\" width=\"2048\" height=\"1365\" srcset=\"https:\/\/ssc90.de\/web\/wp-content\/uploads\/2020\/09\/86457509_132090781645298_2047053993925935104_o.jpg 2048w, https:\/\/ssc90.de\/web\/wp-content\/uploads\/2020\/09\/86457509_132090781645298_2047053993925935104_o-300x200.jpg 300w, https:\/\/ssc90.de\/web\/wp-content\/uploads\/2020\/09\/86457509_132090781645298_2047053993925935104_o-1024x683.jpg 1024w, https:\/\/ssc90.de\/web\/wp-content\/uploads\/2020\/09\/86457509_132090781645298_2047053993925935104_o-768x512.jpg 768w, https:\/\/ssc90.de\/web\/wp-content\/uploads\/2020\/09\/86457509_132090781645298_2047053993925935104_o-1536x1024.jpg 1536w\" sizes=\"auto, (max-width: 2048px) 100vw, 2048px\" \/><figcaption id=\"caption-attachment-1417\" class=\"wp-caption-text\">Foto: Besim Mazhiqi<\/figcaption><\/figure>\n<p>Doch Schwimmen war nicht alleine der Inhalt des SSC 90.\u00a0 Gro\u00dfen Wert legten die Vereinsverantwortlichen auch auf den Breitensport. So geh\u00f6rte einige Jahre Inline-Skaten (mit Anf\u00e4nger- und Fortgeschrittenen-Kurse), Inline-Hockey (mit Teilnahme am Ligabetrieb) und &#8222;Spielen und erlernen von verschiedenen Sportarten&#8220; in der Turnhalle der Grauthoffschule sowie Nordic-Walking zum Vereinsangebot. Schwimmkurse f\u00fcr Kinder ab 3 Jahren, Aquatic-Fitness-Kurse, Baby- und Kleinkinderschwimmen sowie R\u00fcckenschwimmschule rundeten das Breitensportpaket\u00a0 in den zur\u00fcckliegenden Jahren ab.<\/p>\n<p>Der SSC 90 hat sich zu Anfang des Jahres 2017 neu aufgestellt. Die Motivation des neuen Vorstandes und der Trainer ist, den Verein zu alter St\u00e4rke zur\u00fcckzuf\u00fchren. Mit der Unterst\u00fctzung der Stadt Schlo\u00df Holte-Stukenbrock sind wir auf dem besten Weg, dieses Ziel zu erreichen. Das <a href=\"https:\/\/ssc90.de\/web\/schwimmen-allgemeines\/training\/\">Trainingskonzept<\/a> und die Einteilung der <a href=\"https:\/\/ssc90.de\/web\/schwimmen-allgemeines\/training\/trainingszeiten\/\">Trainingsgruppen<\/a> finden Sie unter der Rubrik Schwimmen.<\/p>\n","protected":false},"excerpt":{"rendered":"<p>Der SSC 90 Schlo\u00df Holte-Stukenbrock wurde im Laufe des Jahres 1990 gegr\u00fcndet. Er entstand aus der Schwimmabteilung des FC Stukenbrock,<\/p>\n","protected":false},"author":1,"featured_media":0,"parent":0,"menu_order":3,"comment_status":"closed","ping_status":"closed","template":"","meta":{"colormag_page_container_layout":"default_layout","colormag_page_sidebar_layout":"default_layout","footnotes":""},"class_list":["post-65","page","type-page","status-publish","hentry"],"_links":{"self":[{"href":"https:\/\/ssc90.de\/web\/wp-json\/wp\/v2\/pages\/65","targetHints":{"allow":["GET"]}}],"collection":[{"href":"https:\/\/ssc90.de\/web\/wp-json\/wp\/v2\/pages"}],"about":[{"href":"https:\/\/ssc90.de\/web\/wp-json\/wp\/v2\/types\/page"}],"author":[{"embeddable":true,"href":"https:\/\/ssc90.de\/web\/wp-json\/wp\/v2\/users\/1"}],"replies":[{"embeddable":true,"href":"https:\/\/ssc90.de\/web\/wp-json\/wp\/v2\/comments?post=65"}],"version-history":[{"count":21,"href":"https:\/\/ssc90.de\/web\/wp-json\/wp\/v2\/pages\/65\/revisions"}],"predecessor-version":[{"id":1862,"href":"https:\/\/ssc90.de\/web\/wp-json\/wp\/v2\/pages\/65\/revisions\/1862"}],"wp:attachment":[{"href":"https:\/\/ssc90.de\/web\/wp-json\/wp\/v2\/media?parent=65"}],"curies":[{"name":"wp","href":"https:\/\/api.w.org\/{rel}","templated":true}]}}